{"id":1828,"date":"2025-02-06T09:37:40","date_gmt":"2025-02-06T08:37:40","guid":{"rendered":"https:\/\/amicinagai.com\/calendario-evento\/takashi-et-midori-nagai-une-histoire-qui-commence-rencontre-de-sevilla\/"},"modified":"2025-04-28T11:43:45","modified_gmt":"2025-04-28T10:43:45","slug":"takashi-et-midori-nagai-une-histoire-qui-commence-rencontre-de-sevilla","status":"publish","type":"calendario-evento","link":"https:\/\/amicinagai.com\/fr\/calendario-evento\/takashi-et-midori-nagai-une-histoire-qui-commence-rencontre-de-sevilla\/","title":{"rendered":"\u00ab\u00a0Takashi et Midori Nagai, une histoire qui commence\u00a0\u00bb. Rencontre de Sevilla"},"content":{"rendered":"<div id=\"block-af2abecc93c69452df44\" class=\"sqs-block html-block sqs-block-html\" data-block-type=\"2\" data-border-radii=\"{\"topLeft\":{\"unit\":\"px\",\"value\":0.0},\"topRight\":{\"unit\":\"px\",\"value\":0.0},\"bottomLeft\":{\"unit\":\"px\",\"value\":0.0},\"bottomRight\":{\"unit\":\"px\",\"value\":0.0}}\">\n<div class=\"sqs-block-content\">\n<div class=\"sqs-html-content\">\n<p class=\"\"><strong>C\u00e9r\u00e9monie d&rsquo;inauguration et pr\u00e9sentation de l&rsquo;exposition \u00ab\u00a0Takashi y Midori Nagai, un s\u00ed que teje la historia<\/strong>\u00a0\u00bb<br \/>\nVendredi <strong>22 novembre<\/strong> <strong>2024<\/strong>, 18 heures.<\/p>\n<p class=\"\"><strong>Exposition en entr\u00e9e libre<\/strong><br \/>\nDu vendredi 22 novembre au dimanche 24 novembre 2o24<\/p>\n<p class=\"\"><strong>Encuentro Sevilla<\/strong><br \/>\n22 &#8211; 24 novembre 2o24<br \/>\nFacult\u00e9 de th\u00e9ologie de St. Isidore de S\u00e9ville<\/p>\n<\/div>\n<\/div>\n<\/div>\n<div id=\"block-yui_3_17_2_1_1731350921691_6994\" class=\"sqs-block button-block sqs-block-button\" data-block-type=\"53\">\n<div id=\"yui_3_17_2_1_1738798642233_94\" class=\"sqs-block-content\">\n<div id=\"yui_3_17_2_1_1738798642233_93\" class=\"sqs-block-button-container sqs-block-button-container--center\" data-animation-role=\"button\" data-alignment=\"center\" data-button-size=\"large\" data-button-type=\"secondary\"><\/div>\n<\/div>\n<\/div>\n","protected":false},"featured_media":1829,"template":"","meta":{"_acf_changed":false},"paese":[76],"class_list":["post-1828","calendario-evento","type-calendario-evento","status-publish","has-post-thumbnail","hentry","paese-espagne"],"acf":[],"_links":{"self":[{"href":"https:\/\/amicinagai.com\/fr\/wp-json\/wp\/v2\/calendario-evento\/1828","targetHints":{"allow":["GET"]}}],"collection":[{"href":"https:\/\/amicinagai.com\/fr\/wp-json\/wp\/v2\/calendario-evento"}],"about":[{"href":"https:\/\/amicinagai.com\/fr\/wp-json\/wp\/v2\/types\/calendario-evento"}],"wp:featuredmedia":[{"embeddable":true,"href":"https:\/\/amicinagai.com\/fr\/wp-json\/wp\/v2\/media\/1829"}],"wp:attachment":[{"href":"https:\/\/amicinagai.com\/fr\/wp-json\/wp\/v2\/media?parent=1828"}],"wp:term":[{"taxonomy":"paese","embeddable":true,"href":"https:\/\/amicinagai.com\/fr\/wp-json\/wp\/v2\/paese?post=1828"}],"curies":[{"name":"wp","href":"https:\/\/api.w.org\/{rel}","templated":true}]}}

<div id="block-af2abecc93c69452df44" class="sqs-block html-block sqs-block-html" data-block-type="2" data-border-radii="{"topLeft":{"unit":"px","value":0.0},"topRight":{"unit":"px","value":0.0},"bottomLeft":{"unit":"px","value":0.0},"bottomRight":{"unit":"px","value":0.0}}">
<div class="sqs-block-content">
<div class="sqs-html-content">
<p class=""><strong>Cérémonie d&rsquo;inauguration et présentation de l&rsquo;exposition « Takashi y Midori Nagai, un sí que teje la historia</strong> »<br />
Vendredi <strong>22 novembre</strong> <strong>2024</strong>, 18 heures.</p>
<p class=""><strong>Exposition en entrée libre</strong><br />
Du vendredi 22 novembre au dimanche 24 novembre 2o24</p>
<p class=""><strong>Encuentro Sevilla</strong><br />
22 &#8211; 24 novembre 2o24<br />
Faculté de théologie de St. Isidore de Séville</p>
</div>
</div>
</div>
<div id="block-yui_3_17_2_1_1731350921691_6994" class="sqs-block button-block sqs-block-button" data-block-type="53">
<div id="yui_3_17_2_1_1738798642233_94" class="sqs-block-content">
<div id="yui_3_17_2_1_1738798642233_93" class="sqs-block-button-container sqs-block-button-container--center" data-animation-role="button" data-alignment="center" data-button-size="large" data-button-type="secondary"></div>
</div>
</div>
