{"id":2068,"date":"2025-06-26T16:45:12","date_gmt":"2025-06-26T15:45:12","guid":{"rendered":"https:\/\/amicinagai.com\/calendario-evento\/cio-che-non-muore-mai-la-vita-di-takashi-e-midori-nagai\/"},"modified":"2025-06-26T16:55:11","modified_gmt":"2025-06-26T15:55:11","slug":"was-niemals-stirbt-das-leben-von-takashi-und-midori-nagai","status":"publish","type":"calendario-evento","link":"https:\/\/amicinagai.com\/de\/calendario-evento\/was-niemals-stirbt-das-leben-von-takashi-und-midori-nagai\/","title":{"rendered":"Was niemals stirbt \u2013 Das Leben von Takashi und Midori Nagai"},"content":{"rendered":"<p class=\"my-0\">Veranstalter: Katholischer Pastoralbereich Erlangen<\/p>\n<p class=\"my-0\">Herzliche Einladung zu einem Abend mit den Initiatoren der Veranstaltung am 7. August um 19 Uhr in der Kirche St. Bonifaz.<\/p>\n<p class=\"my-0\">Ausstellung vom 19. Juli bis 16. August 2025<br \/>\n\u00d6ffnungszeiten von 9:00 bis 19:00 Uhr (au\u00dfer w\u00e4hrend der liturgischen Feiern)<\/p>\n","protected":false},"featured_media":2063,"template":"","meta":{"_acf_changed":false},"paese":[83],"class_list":["post-2068","calendario-evento","type-calendario-evento","status-publish","has-post-thumbnail","hentry","paese-deutschland"],"acf":[],"_links":{"self":[{"href":"https:\/\/amicinagai.com\/de\/wp-json\/wp\/v2\/calendario-evento\/2068","targetHints":{"allow":["GET"]}}],"collection":[{"href":"https:\/\/amicinagai.com\/de\/wp-json\/wp\/v2\/calendario-evento"}],"about":[{"href":"https:\/\/amicinagai.com\/de\/wp-json\/wp\/v2\/types\/calendario-evento"}],"wp:featuredmedia":[{"embeddable":true,"href":"https:\/\/amicinagai.com\/de\/wp-json\/wp\/v2\/media\/2063"}],"wp:attachment":[{"href":"https:\/\/amicinagai.com\/de\/wp-json\/wp\/v2\/media?parent=2068"}],"wp:term":[{"taxonomy":"paese","embeddable":true,"href":"https:\/\/amicinagai.com\/de\/wp-json\/wp\/v2\/paese?post=2068"}],"curies":[{"name":"wp","href":"https:\/\/api.w.org\/{rel}","templated":true}]}}

<p class="my-0">Veranstalter: Katholischer Pastoralbereich Erlangen</p>
<p class="my-0">Herzliche Einladung zu einem Abend mit den Initiatoren der Veranstaltung am 7. August um 19 Uhr in der Kirche St. Bonifaz.</p>
<p class="my-0">Ausstellung vom 19. Juli bis 16. August 2025<br />
Öffnungszeiten von 9:00 bis 19:00 Uhr (außer während der liturgischen Feiern)</p>
